*q + 3094. Determine s(10).
664
Let y(s) = -4*s**2 + 413*s - 9600. Calculate y(68).
-12
Let n(h) = -237*h - 16107. Give n(-68).
9
Let w(o) = 14*o**2 + 63*o - 7. Determine w(-4).
-35
Let n(q) = q**3 + q**2 - 39*q - 12. What is n(-8)?
-148
Let k(f) = f**3 - 2*f**2 - 84*f + 21. Calculate k(10).
-19
Let g(n) = n**3 - 65*n**2 + 679*n - 103. Give g(52).
53
Let x(u) = -415*u - 481. Calculate x(-1).
-66
Let p(k) = -5*k**2 - 21*k + 12. What is p(-8)?
-140
Let u(o) = -o**3 - 15*o**2 - 54*o + 18. Determine u(-9).
18
Let r(g) = -g**3 + 9*g**2 + g - 35. Calculate r(0).
-35
Let j(r) = 4*r + 225. What is j(-55)?
5
Let k(c) = 20*c - 128. Calculate k(6).
-8
Let a(k) = -41*k + 67. Give a(4).
-97
Let q(w) = 15*w**3 - 2*w**2 + 128*w - 253. Determine q(2).
115
Let k(f) = 262*f + 526. Give k(-2).
2
Let a(y) = 136*y - 14515. Give a(107).
37
Let u(n) = -3*n**3 + 164*n**2 + 55*n + 3. Give u(55).
3
Let i(u) = -3*u**2 - 130*u + 59. Determine i(-43).
102
Let w(p) = 4*p**2 - 44*p + 56. Give w(17).
464
Let c(n) = n**2 - 24*n - 189. Determine c(29).
-44
Let m(i) = -13*i + 75. Give m(20).
-185
Let j(p) = -p**2 - 11*p - 14. Give j(5).
-94
Let n(f) = 94*f**2 + 1134*f + 79. What is n(-12)?
7
Let l(r) = r**2 + 50*r - 21. Calculate l(0).
-21
Let c(j) = j**2 + 59*j + 325. Give c(-7).
-39
Let q(h) = 70*h - 134. Calculate q(0).
-134
Let k(z) = -4*z + 120. Give k(-27).
228
Let q(o) = -o**3 - 96*o**2 + 207*o + 1071. Give q(-98).
-7
Let o(k) = 671*k + 15415. What is o(-23)?
-18
Let v(s) = 3*s**2 + 118*s - 273. What is v(-41)?
-68
Let y(z) = -2*z**3 + 31*z**2 - 6*z - 133. Give y(15).
2
Let p(w) = -w**3 + 39*w**2 + 491*w - 39. Calculate p(49).
10
Let c(l) = -2*l**2 + 5*l + 121. Calculate c(8).
33
Let n(p) = -97*p - 70. Give n(-1).
27
Let r(k) = -6*k**3 - k**2 + 32*k + 32. Calculate r(-1).
5
Let a(d) = -7*d**2 - 196*d - 1147. What is a(-6)?
-223
Let c(n) = -6*n - 66. What is c(11)?
-132
Let z(j) = 25*j**2 + 369*j - 88. Determine z(-15).
2
Let y(r) = 1445*r + 14468. What is y(-10)?
18
Let t(d) = 4*d**2 + 10*d - 10. Give t(-3).
-4
Let g(y) = 115*y + 19. Calculate g(4).
479
Let g(h) = -26*h**2 + 29*h - 53. Calculate g(2).
-99
Let k(h) = 3*h**2 - 24*h - 28. Give k(-1).
-1
Let t(c) = -4755*c + 47552. Give t(10).
2
Let s(t) = t**2 - 126*t - 2159. Determine s(-15).
-44
Let o(q) = q**3 - 2*q**2 - 2*q + 11. Give o(5).
76
Let l(a) = a**3 + 84*a**2 + 2*a + 145. Determine l(-84).
-23
Let b(w) = w**3 + 6*w**2 + 5*w + 86. Calculate b(-7).
2
Let w(c) = c**3 - 11*c**2 + 16*c + 52. Determine w(9).
34
Let k(u) = 2*u**3 + 75*u**2 - 47*u - 80. Give k(-38).
262
Let f(m) = m**2 - 1645*m - 48535. Calculate f(-29).
11
Let m(h) = -37*h + 741. Determine m(20).
1
Let h(t) = -5*t - 180. Determine h(-27).
-45
Let x(n) = -39*n - 635. Determine x(-16).
-11
Let z(l) = -l**3 + 33*l**2 - 3*l + 132. Give z(33).
33
Let f(z) = -70*z - 1007. What is f(-10)?
-307
Let s(f) = -f**3 + 3*f**2 - 189*f - 1004. Determine s(-5).
141
Let o(r) = -4*r - 160. Determine o(26).
-264
Let p(g) = 3*g**2 + 12*g - 10. What is p(-6)?
26
Let h(a) = -1191*a - 3577. What is h(-3)?
-4
Let k(p) = -p**3 + 10*p**2 + 83*p - 140. Give k(15).
-20
Let p(y) = -y**3 + 26*y**2 - 33*y + 199. Determine p(25).
-1
Let v(o) = 8*o + 120. Give v(-21).
-48
Let p(s) = -s**3 + 85*s**2 + 1853*s - 19. Calculate p(-18).
-1
Let s(m) = -2*m**3 - 26*m**2 + 13*m - 13. Calculate s(-13).
-182
Let h(u) = u**3 + 131*u**2 + 128*u - 257. What is h(-130)?
3
Let u(i) = -i**3 - 17*i**2 - 65*i + 17. Calculate u(-11).
6
Let j(x) = -2*x**2 - 42*x + 189. What is j(5)?
-71
Let d(i) = 106*i**2 - 945*i - 74. What is d(9)?
7
Let c(z) = 2*z**3 - 23*z**2 - 21*z + 117. Determine c(12).
9
Let h(n) = -38*n - 23. Determine h(-5).
167
Let l(h) = -h**2 + 52*h - 93. Determine l(51).
-42
Let f(b) = b**3 + 14*b**2 - 29*b - 185. Determine f(-15).
25
Let i(f) = 3*f - 60. Give i(4).
-48
Let c(b) = b**3 + 8*b**2 - 30*b - 103. Give c(-10).
-3
Let l(p) = -20*p**2 - 8*p - 2. What is l(-4)?
-290
Let d(b) = -b**3 + 130*b**2 + 1399*b + 132. Calculate d(140).
-8
Let m(q) = -113*q - 11753. Give m(-104).
-1
Let f(i) = 247*i - 22975. Determine f(93).
-4
Let c(g) = g**3 + 2*g**2 - 12*g - 28. Give c(-6).
-100
Let i(x) = -13*x**2 + 2071*x - 630. Determine i(159).
6
Let y(a) = a**2 - 1452*a - 42951. What is y(-29)?
-2
Let c(i) = 14*i**2 - 65*i + 64. Give c(3).
-5
Let b(f) = f**3 + 16*f**2 - 36*f - 22. Give b(-18).
-22
Let m(r) = -441*r + 3139. Determine m(7).
52
Let k(q) = q**2 + 577*q + 1719. What is k(-3)?
-3
Let u(h) = 12*h - 28. What is u(8)?
68
Let g(u) = -2*u**3 + 70*u**2 + 3*u - 79. Determine g(35).
26
Let j(s) = -29*s**2 + 15*s + 36. Determine j(-3).
-270
Let y(l) = -l**3 - 47*l**2 + 3*l + 392. What is y(-47)?
251
Let u(b) = 10*b**2 + 393*b + 66. Calculate u(-39).
-51
Let n(i) = -i**3 + 47*i**2 - 114*i + 1087. Give n(45).
7
Let w(r) = -28*r**2 - 1678*r + 115. Give w(-60).
-5
Let j(k) = 7*k**2 + 477*k + 196. Determine j(-68).
128
Let b(d) = d**3 - 62*d**2 - 23*d + 5127. Give b(61).
3
Let s(u) = 200*u**2 + 11001*u + 79. Determine s(-55).
24
Let w(y) = 342*y + 2386. Determine w(-7).
-8
Let k(a) = 45*a**2 + 2166*a + 283. Give k(-48).
-5
Let k(s) = -9*s - 133. Calculate k(-17).
20
Let p(q) = -2*q**3 + 111*q**2 - 169*q + 366. Give p(54).
-12
Let k(d) = d**3 + 16*d**2 + 3*d + 44. What is k(-16)?
-4
Let i(k) = -k**3 - 13*k**2 - 3*k - 815. Calculate i(-16).
1
Let j(y) = 7*y**3 + 154*y**2 - 22*y - 479. Calculate j(-22).
5
Let f(w) = -28*w - 121. Give f(4).
-233
Let r(d) = -d**3 - 8*d**2 - 11*d + 24. Calculate r(-6).
18
Let p(q) = -q**3 - 125*q**2 - 5*q - 770. Give p(-125).
-145
Let r(c) = -c**3 + 10*c**2 + 254*c - 1084. Calculate r(20).
-4
Let l(w) = -w**3 - 15*w**2 + 46*w - 286. Give l(-18).
-142
Let s(c) = -3*c**3 + 40*c**2 - 103*c - 179. What is s(6)?
-5
Let x(u) = -3*u**2 + 44*u + 189. What is x(19)?
-58
Let v(p) = p + 99. Determine v(-109).
-10
Let r(j) = 2*j - 116. Give r(34).
-48
Let x(g) = -g**2 - 28*g + 31. Give x(-12).
223
Let g(x) = -x**3 - 19*x**2 - 30*x + 13. What is g(-2)?
5
Let h(f) = -f**2 - 2*f + 14. Determine h(-5).
-1
Let t(a) = -a**2 + 9*a - 217. What is t(0)?
-217
Let k(q) = q**2 - 72*q + 378. Give k(6).
-18
Let s(h) = -h**3 - 9*h**2 + 17*h + 87. What is s(-9)?
-66
Let l(k) = 9*k**2 + 255*k + 288. Give l(-27).
-36
Let m(v) = -v**3 + 20*v**2 - 8*v - 15. Calculate m(17).
716
Let d(v) = 26*v - 1063. Give d(40).
-23
Let q(x) = 3*x**2 + 4*x - 1. Give q(-3).
14
Let c(y) = 36*y + 380. Give c(-7).
128
Let k(u) = -338*u + 5439. Give k(16).
31
Let x(j) = -j**3 + 46*j**2 + 263*j - 357. What is x(51)?
51
Let u(f) = -431*f - 3043. What is u(-7)?
-26
Let f(y) = y**2 + 74*y - 658. Give f(-82).
-2
Let v(f) = f**3 - 14*f**2 - 40*f + 24. Give v(16).
-104
Let p(z) = 21*z**2 - 277*z + 298. Calculate p(12).
-2
Let g(f) = f**3 + 18*f**2 - 23*f + 2. Determine g(-19).
78
Let n(i) = -268*i + 5091. Give n(19).
-1
Let a(y) = -5*y**2 - 29*y - 39. Give a(-5).
-19
Let r(y) = -167*y + 39. Give r(2).
-295
Let z(c) = c**3 - 32*c**2 + 4*c + 23. Calculate z(32).
151
Let l(f) = 15*f + 1059. Give l(-72).
-21
Let v(s) = -s**3 - 103*s**2 + s + 97. Calculate v(-103).
-6
Let x(j) = j**2 - 62*j - 222. Calculate x(-4).
42
Let g(s) = 2*s**2 - 21*s + 28. What is g(8)?
-12
Let y(n) = n**2 + 116*n - 7245. What is y(-161)?
0
Let f(s) = -s**3 + 13*s**2 + 9*s - 205. What is f(7)?
152
Let z(p) = p**3 - 2*p**2 - 44*p - 88. Determine z(0).
-88
Let x(h) = 2*h**3 + 23*h**2 + 12*h - 13. Determine x(-11).
-24
Let g(s) = -12*s - 732. What is g(-69)?
96
Let w(x) = 1078*x + 25881. What is w(-24)?
9
Let k(q) = -3*q**2 + 138*q - 108. Calculate k(45).
27
Let s(r) = 132*r - 3132. Determine s(24).
36
Let c(b) = b**3 + 4*b**2 - 46*b - 151. What is c(-3)?
-4
Let y(i) = -i**3 + 12*i**2 - 23*i - 34. What is y(9)?
2
Let k(w) = 12*w - 144. Give k(13).
12
Let t(l) = -l**2 + 17*l + 11. Determine t(16).
27
Let o(a) = -62*a**2 - 2296*a - 80. What is o(-37)?
-6
Let j(a) = a**2 + 36*a + 221. Give j(-30).
41
Let w(g) = g**3 + 4*g**2 + 13*g - 50. Calculate w(4).
130
Let d(y) = -367*y - 2225. Give d(-6).
-23
Let p(h) = -h**3 - 51*h**2 - 150*h - 290. Give p(-48).
-2
Let z(j) = 32*j - 31. Calculate z(7).
193
Let r(c) = -93*c**2 - 7537*c - 325. Give r(-81).
-1
Let g(i) = -63*i + 2187. Give g(39).
-270
Let a(m) = m**2 - 4*m - 52. Determine a(-5).
-7
Let f(i) = 4*i - 576. Determine